- 538/(-2). Suppose -z = -3*b - 4*o, 4*b - 3*o - 268 = 60. List the prime factors of b.
5, 17
Let t = -25359 - -58378. List the prime factors of t.
7, 53, 89
Suppose 46*s - 40*s - 205292 = -5*n, 2*s - 4*n - 68408 = 0. What are the prime factors of s?
2, 3, 2851
Suppose 21*c + 4072 - 35632 = 41940. What are the prime factors of c?
2, 5, 7
Let m(u) = -26*u + 6. Let z be m(-3). Let j = z - 76. Suppose 0 = -j*w + 177 + 31. List the prime factors of w.
2, 13
Let m(x) = 2*x - 7. Let h be m(6). Suppose 5*r - 91 + 21 = 3*d, -h*d - 138 = -3*r. Let w = 11 - d. List the prime factors of w.
41
Suppose -5*d = -3*z + 32242, 0*z + d - 53774 = -5*z. List the prime factors of z.
2, 19, 283
Suppose -8078882 = 338*y - 11161974 - 8759414. What are the prime factors of y?
3, 17, 229
Suppose -15010 - 1046 = -9*j. Suppose 3*a - j = -65. What are the prime factors of a?
3, 191
Let p(s) = -5*s - 68. Let q be p(-35). Suppose 598 = 5*b - q. What are the prime factors of b?
3, 47
Suppose 0 = 4*o - 4*y - 23568, -11*o - 23583 = -15*o + y. List the prime factors of o.
5897
Suppose 0 = 2*u + 5*a + 44, -4*u - 17 - 101 = -5*a. Let z be 146 - -1 - 2/2*6. Let q = u + z. List the prime factors of q.
2, 3, 19
Let k(r) be the second derivative of 3*r**5 - 5*r**3/6 + 11*r**2/2 - r - 30. What are the prime factors of k(2)?
13, 37
Let k(f) = 380*f - 140. List the prime factors of k(11).
2, 5, 101
Let p be 18/(-3)*((-10)/4 + 2). Suppose 5*m - 4057 = -p*y - 522, 4*m + 5*y = 2828. What are the prime factors of m?
7, 101
Let x = 64 + -62. Suppose x*t - 1100 = -5*p - 271, -2*t - 2*p + 832 = 0. What are the prime factors of t?
3, 139
Let q(n) = n**2 + 4*n - 16. Let l be q(3). Let h(b) = 21 - l + 15 + 18*b. What are the prime factors of h(8)?
5, 7
Let x = -13704 + 27050. What are the prime factors of x?
2, 6673
Suppose 5*w - r - 19 = 0, 2 = 3*r - r. Let n be (3/(-2))/3*w - -126. Let k = -35 + n. What are the prime factors of k?
89
Let n(z) be the second derivative of -z**5/20 + 13*z**4/12 + 7*z**3/3 + 5*z**2 + 26*z. Let l be n(14). Suppose l*j - 5*j = 370. What are the prime factors of j?
2, 37
Let y = 312 + 10456. Suppose 18*l - 2*l = y. What are the prime factors of l?
673
Suppose 5*r - 5 = -x, 15 = -4*x + x. Suppose p = 4*t - 346 - 626, -r*p = -2*t + 480. What are the prime factors of t?
2, 61
Suppose 10 + 1 = -2*n + 3*w, -n - w = 8. Let z be 7/n - 289/(-1). Suppose d = 5*d - z. List the prime factors of d.
2, 3
Let h(q) = -12*q - 4. Let r = -32 - -24. Let x(f) = f**3 + 8*f**2 - 6. Let u be x(r). List the prime factors of h(u).
2, 17
Suppose 2*w - 4*w = 310. Let p = 98 + w. Let g = 114 + p. List the prime factors of g.
3, 19
Suppose 2*r - 4*q - 10 = 0, 3*r + 5097 - 5144 = 2*q. List the prime factors of r.
3, 7
Suppose -4 = f, x + 4*f + 16 = -2*x. Suppose x = -18*a + 19*a - 1. List the prime factors of a/(3 + (-65)/22).
2, 11
Suppose -60*a + 344920 + 722423 + 315777 = 0. What are the prime factors of a?
2, 3, 17, 113
Let o = 2914 + -1714. Suppose m = 7*m + o. Let h = -108 - m. What are the prime factors of h?
2, 23
Let c(g) = -g**3 - 17*g**2 + 4*g - 12. Let i be c(-16). Let r = 598 + i. List the prime factors of r.
2, 7, 19
Suppose 0 = -30*f + 391243 - 59563. What are the prime factors of f?
2, 691
Let c(t) = 33*t**2 + 4*t + 10. Let z be c(-8). Suppose 8*g - z = 150. List the prime factors of g.
2, 5, 7
Suppose 20*b - 93 = 21*b. Let g = b + 97. Suppose -g*s - 5*j = s - 770, -s + 148 = -j. What are the prime factors of s?
151
Suppose -133466 + 131839 = 67*p - 583254. What are the prime factors of p?
8681
Suppose 225 = 14*o + 225. Suppose -51*v - 9*v + 33300 = o. What are the prime factors of v?
3, 5, 37
Let m(f) = -22*f**2 + 5*f - 10. Let t be m(-5). Let j = t - -996. What are the prime factors of j?
3, 137
Suppose 25*h - 8688 = 9*h. Suppose -3*a = 3*x - h, -185 = -5*x + 4*x + 3*a. What are the prime factors of x?
2, 7, 13
Let l(k) = 11021*k + 874. What are the prime factors of l(3)?
33937
Let k(q) = -31*q**3 + 6*q**2 - 12*q - 179. List the prime factors of k(-13).
2, 34549
Suppose 5*l = -4*y + 54313, -2*y = 44 - 28. List the prime factors of l.
3, 3623
List the prime factors of 837/(-6)*418/(-33).
3, 19, 31
Suppose 255*q - 259*q + 6648 = 0. Suppose 2*v = 2*c + q, 17*c = -5*v + 13*c + 4155. What are the prime factors of v?
3, 277
Suppose 8*t = -0*t + 25153 + 15999. List the prime factors of t.
2, 643
Suppose 9*v + 60 = 11*v. Suppose -27*u = -v*u + 843. What are the prime factors of u?
281
Suppose -63075 = -22*d + 127951. List the prime factors of d.
19, 457
Suppose 612*n - 1278*n = -637*n - 101703. List the prime factors of n.
3, 7, 167
Let a be -28*(32/8 - 392). Suppose a = 228*d - 221*d. What are the prime factors of d?
2, 97
Suppose -5*x + 3*q + 272 = 0, 4*x - q = 3*q + 224. Let p = 61 - x. Suppose p*v - 677 - 7 = 0. List the prime factors of v.
2, 19
Let o be (11 - 9)*54/(-4). What are the prime factors of (-66)/(-7) - o/(-63)?
3
Let l(c) be the second derivative of 8*c**3 - c + 5/2*c**2 + 0. What are the prime factors of l(3)?
149
List the prime factors of 20*((-426209)/(-245) - (-39)/(-91)).
2, 1087
Let g = 8862 + -1523. List the prime factors of g.
41, 179
Let u(b) = -b**3 + 8*b**2 - 9*b + 13. Let k be u(7). Let p(t) = -16*t - 7. List the prime factors of p(k).
3
Let c(v) = 24*v - 27. Let k(l) = l + 15. Let z be k(-6). Suppose 5*r = -3*g - z + 43, 0 = -3*r - 3*g + 24. What are the prime factors of c(r)?
3, 31
Let j = -5895 + 10246. List the prime factors of j.
19, 229
Let j be (-14)/91 - 1983/39. Let a = 58 - 123. Let t = j - a. List the prime factors of t.
2, 7
Suppose -2*y - 46 = -3*m + 1716, -4*m + 2334 = 5*y. List the prime factors of (m + -1)*25/25.
3, 5, 13
Suppose -2*i = 12, -k - 3*i + 13478 = -4012. List the prime factors of k.
2, 3, 1459
Suppose 0 = -4*u - 0*f + 2*f + 414, -3*u - 5*f + 317 = 0. Suppose -94*y + u*y - 18570 = 0. List the prime factors of y.
3, 619
What are the prime factors of 1 - -8454 - (15/(-9) + (-2)/(-3))?
2, 7, 151
Let u(n) = 52*n**2 + 26*n - 100. List the prime factors of u(4).
2, 11, 19
Let z = -107 + 121. Suppose 64 - 6154 = -z*r. Let x = -180 + r. List the prime factors of x.
3, 5, 17
Let t be ((-186)/8)/1 + (-9)/(-36). Let a = t + 61. List the prime factors of a.
2, 19
Let y(v) = 994*v + 1964. List the prime factors of y(24).
2, 5, 1291
Suppose -4*n - i + 47591 = 0, 6*n + 10*i = 6*i + 71394. List the prime factors of n.
11897
Suppose 0 = -3*f + q + 32719, -f + 3246 = -5*q - 7637. List the prime factors of f.
2, 3, 101
Suppose -5*b - 2*v - 1002 = -28, 3*v + 6 = 0. Suppose 13*u = -28*u - 71*u - 1792. Let t = u - b. What are the prime factors of t?
2, 89
Suppose -1816 = -4*l + 940. Let f = l + -374. What are the prime factors of f?
3, 5, 7
Suppose 0*b = 4*b - 2*m - 64, -m = 0. Let r(n) = n**2 + 15*n + 16. What are the prime factors of r(b)?
2
Let g be 5/((-1 - -2)*-1). Let v(p) = -3*p**3 + 5. Let b be v(g). Suppose 2*l - t - b = -0*l, 5*l - 939 = -3*t. What are the prime factors of l?
3, 7
Suppose -35*s = 16204 - 214175 - 27044. List the prime factors of s.
3, 2143
Let y(r) = 2*r**3 - 2*r**2 + 2*r. Let f be y(-4). What are the prime factors of f/(-8) - (-2 + 0 + 2)?
3, 7
List the prime factors of (6 + -1 - 510/51) + 3673.
2, 7, 131
Let j be (15/(-10))/(6/(-272)). Suppose 3*z + 543 = 552. List the prime factors of z + j/(-24) + 1941/18.
2, 3
Let l = 351 + -176. What are the prime factors of (-85)/(5/l*-5)?
5, 7, 17
Let b(u) = u**3 - 24*u**2 - 343*u + 99. List the prime factors of b(35).
3, 523
Let i be (-15)/(-2)*(40 + -26). Suppose -h - 112 = -w, -h = 4*w - i - 358. What are the prime factors of w?
5, 23
Let y = -150 + 152. Suppose -2*t - 5*h - 255 = -752, y*h - 1253 = -5*t. List the prime factors of t.
251
Suppose a - 44 = -k, 3*k - 62 = -4*a + 70. Suppose -3*s = -c - 38, -c + 5*c + k = 3*s. Suppose 0 = 4*z - s*z + 264. List the prime factors of z.
3, 11
Suppose 417770 = -9*f + 14*f + 5*f. List the prime factors of f.
41777
Let r = 81 - -118. Let y(v) = 14*v**2 - 2*v - 1. Let t be y(-2). Suppose -r = -6*i + t. What are the prime factors of i?
43
Let x be 11781/189 - (-2)/9*3. Let o be 2 - (-1 - -2)/1. Suppose -4*n + o = -x. List the prime factors of n.
2
Let t(k) = 169*k**2 - 55*k - 449. List the prime factors of t(-16).
3, 5, 971
What are the pr